 - v, -3*h - 32 = 5*v. Let w(u) = -u + 5. Let f be w(4). What is the units digit of 4*f - (-13 - h)?
3
Suppose -35*i = -151488 - 484906 + 32539. What is the ten thousands digit of i?
1
Suppose 0*t + 5*t + 3*k = 31, 0 = 4*t - k - 35. What is the tens digit of 6 - -2 - -262 - t?
6
Let n = -845 + 1868. What is the units digit of n?
3
Suppose 38827 = 5*m - v - 63307, 4 = -v. What is the ten thousands digit of m?
2
Let o(y) = -1142*y - 17. Let t be o(-2). Suppose -c = 2*c - 4*w - t, 0 = 3*c + w - 2272. What is the tens digit of c?
5
Suppose 5*d - 2*v + 10 = -v, 5*d + 10 = -4*v. What is the tens digit of ((-130)/(-20))/(13/6 + d)?
3
Let g be 3*10/(-105) + (-4974)/(-14). What is the hundreds digit of g + 1 - (10 + 6 + -16)?
3
Let i(d) = -25*d - 18. Let g(c) = c**3 + 13*c**2 + 45*c. Let n be g(-7). What is the units digit of i(n)?
7
Suppose 11*h - 1538976 = -84*h - 109*h. What is the hundreds digit of h?
5
Let c(d) = -4593*d - 241. What is the hundreds digit of c(-3)?
5
Let h(w) = -w**3 - 2*w**2 + w - 4. Let j be h(-3). Let u = 817 + -552. Suppose 3*i + u = 3*t + j*t, -t - 3*i + 35 = 0. What is the tens digit of t?
5
Let b(g) = 2*g**2 - 20*g + 2. Let s(q) = q**3 - 4*q**2 - 2*q - 4. Let n be s(5). Let d be b(n). Suppose d*a - 23*a = 7. What is the units digit of a?
7
What is the thousands digit of ((-104405)/(-532))/((-5)/(-56))?
2
Let m = 56661 + -37068. What is the ten thousands digit of m?
1
Suppose 15*i - 11*i - 8 = 0. Let p(z) = 5*z - 9. Let t be p(i). What is the tens digit of t/(74/(-25) - -3)?
2
Suppose -3*d - 8361 = 6*d. Let p = 1385 + d. What is the tens digit of p?
5
Suppose -2 = c, 4*c + 10 = 3*a - 58. Suppose -a = -4*k, 0*k = -5*t + 2*k + 835. Let j = t - 104. What is the units digit of j?
5
Suppose 14*l - 1659 = 959. Suppose 2*v - l = 343. What is the hundreds digit of v?
2
Let d(j) be the first derivative of j**4/4 - 5*j**3/3 + 3*j**2/2 - 6*j - 6. Let g be d(6). Let t = 140 + g. What is the units digit of t?
8
Suppose 0 = 11*w - 3*w - 8600. Let l(d) = -2*d**2 - 15*d - 18. Let z be l(-6). Suppose -4*v + 0*v - t = -w, t + 1 = z. What is the units digit of v?
9
Let h(z) = z**2 + 4*z - 9. Let a be h(-7). Let i(r) = -1 + 2*r**2 - 3 - a*r + 10*r. What is the units digit of i(4)?
0
Suppose -756078 = -27*y - 3*y + 1172022. What is the units digit of y?
0
Suppose -123*c + 609 = -120*c. Suppose -p + 441 = 2*l, 0*p + 4*p = -l + c. What is the hundreds digit of l?
2
Let n be (78/30 + -3)*30. Let m(l) = 2*l**2 + 5*l + 76. What is the hundreds digit of m(n)?
3
Suppose -6*m + 27*m = -945. What is the units digit of ((-338)/(-6))/((-5)/m*3)?
9
Suppose 516 = -f - 5*h, 2*h + 2*h - 2112 = 4*f. What is the tens digit of (-1)/2*f + (-3 - -2)?
6
Let s = -203 - -213. What is the units digit of 16498/s - (2 - 77/35)?
0
Let m(z) = -232*z - 156. Let q be m(-12). What is the tens digit of (-19)/((-114)/q) + -7?
3
Suppose 60*t - 202304 = 343216. What is the tens digit of t?
9
Let y(o) = 2575*o**2 - 108*o + 331. What is the hundreds digit of y(3)?
1
Suppose 0 = 7*q - 6*q, 2*p + 4*q + 282 = 0. What is the thousands digit of (-1014)/(-5)*(-940)/p?
1
Let c = 76 - 50. Suppose x - c = 168. Suppose 5*u = x + 191. What is the units digit of u?
7
Suppose 2*x = -2*a + 5*a - 3, 4*a - 20 = 0. Suppose 2*n + x*n = 5120. What is the hundreds digit of n?
6
Suppose 43*a + 121360 = -29*a + 393160. What is the thousands digit of a?
3
Suppose 4*y = y - 216. Let o be y/6*8/(-6). Suppose 0 = 4*n - o - 20. What is the units digit of n?
9
Let l = -13366 + 23898. What is the tens digit of l?
3
Let r(a) = -6*a**2 + 536*a - 503. What is the tens digit of r(81)?
4
Let v(f) = 5*f**3 + 2*f**2 - 4*f + 56. Let o(i) = 12*i**3 + 5*i**2 - 10*i + 112. Let d(w) = -3*o(w) + 7*v(w). Let s = 5 + -5. What is the units digit of d(s)?
6
Let z = 1255 - 277. Suppose 8*w = 5762 - z. What is the units digit of w?
8
Suppose 520*b = 545*b - 180575. What is the thousands digit of b?
7
Suppose -y + 2*y - 9 = -3*h, 0 = -2*h + 3*y + 6. Suppose h*n - 1293 + 435 = -3*w, n + 288 = w. What is the units digit of w?
7
Suppose -464879 - 54001 = -46*t. What is the ten thousands digit of t?
1
Let u(b) = -8*b - 78. Let k be u(-10). Suppose -2*z - 3*w = z - 831, 4*z + k*w - 1108 = 0. What is the tens digit of z?
7
Let x(i) = 13*i + 6*i**2 + 19 + 14*i - 25*i + i**3. Let b be x(-6). Suppose -4*v - 2*q = -110, -3*v + b*v - 115 = -q. What is the units digit of v?
0
Suppose -13*l = -17*l + 8. Suppose n - 1795 + 751 = -g, -l*g = -n + 1047. Suppose 6*f - n = f. What is the tens digit of f?
0
Let m(v) = -38*v + 62. Let a be ((-14)/3)/((70/(-15))/(-14)). What is the hundreds digit of m(a)?
5
Let t = -564 + 1224. Let r = t - -109. What is the hundreds digit of r?
7
Suppose 2*v - 612238 = -11*v - 9*v. What is the thousands digit of v?
7
Let l be 330/8 + (-3)/(-4) + -1. Let n(m) = -m - 3. Let s be n(6). Let x = l + s. What is the units digit of x?
2
What is the units digit of (-305151)/(-45) + -2 + 6/(-45)?
9
Let o = -99 + 69. Let w be (o/(-24) - (-2)/(-8))/1. Suppose -2*l + 3*l - w = 0. What is the units digit of l?
1
Let m be (-35)/3 + (5 - (-78)/(-18)). What is the units digit of -10*(-6 + m + -4)?
0
Suppose 3*z = g + 6*z - 2282, -z = 4*g - 9128. What is the thousands digit of g?
2
Let u(i) = i**3 + 14*i**2 + 14*i + 14. Let q(p) = -p**3 - 8*p**2 + 11*p + 5. Let h be q(-9). Let w be u(h). What is the tens digit of 3*(w + 64/6)?
3
Let m(y) = -6*y + 7 + y**2 + 0*y**2 + 6. Let f be m(3). Suppose -f*r + 426 + 338 = 0. What is the units digit of r?
1
Suppose -103388 = -3*p + 5*k, 0 = 2*k + 89 - 87. What is the units digit of p?
1
Suppose 7*u = 6*u + 236. Suppose -x + 2*x + 98 = 4*n, -2*x - u = 2*n. Let o = x + 218. What is the units digit of o?
4
Suppose 32 = 2*j + 24*i - 28*i, 5*i = -25. What is the thousands digit of 5/((-45)/j) + (-89984)/(-57)?
1
Suppose 16 = -6*j + 14*j. Suppose 2*d - s = j*s + 5, -16 = 2*d + 4*s. What is the tens digit of 393/6 - 4/(d*4)?
6
Suppose 0 = -66*f + 75*f - 18378. Let n = f + -998. What is the thousands digit of n?
1
Let o(v) = v**2 - v. Suppose 16*s + 6 - 22 = 0. Let q be o(s). Suppose q = -l + 46 + 2. What is the units digit of l?
8
Suppose -p = 5*y - 52551 - 34778, 2*y + 2*p = 34922. What is the ten thousands digit of y?
1
What is the tens digit of 6*(-195)/(-90)*2913?
6
Let x(k) = 1302*k + 2882. What is the ten thousands digit of x(7)?
1
Let y(l) = 35*l + 72. Let p be y(-8). Let b = 503 + p. What is the tens digit of b?
9
Suppose 2*g - 931*b + 929*b - 26360 = 0, 3*b + 26358 = 2*g. What is the units digit of g?
2
Let n be -3 + (4 - (1 - -4)) + 814. Suppose 5*a + n = l, 3206 = 4*l - 2*a - a. What is the tens digit of l?
0
Suppose 119*t - 123*t = -3*n - 54529, 0 = 5*t - 3*n - 68165. What is the tens digit of t?
3
Let f(k) = 507*k - 150. Let p be f(15). Suppose -20*z = -5*z - p. What is the hundreds digit of z?
4
Suppose 0 = -p + 3. Suppose -3*w = -2*a + 1 + 1, -p*w + 5*a - 14 = 0. Suppose -3*z = -3*l + 201, 5*l - w*l + 2*z - 206 = 0. What is the units digit of l?
8
Suppose 4*i = 3*v - 8726, 5*v - 14590 = -6*i + i. Suppose -f = q + 416 - 1883, 2*f - 3*q = v. What is the hundreds digit of f?
4
Suppose 2*o - 6 = -5*t, -t - t = 2*o. Let r = -355 - -549. Suppose -n - d = 2*n - 293, t*n - r = -2*d. What is the units digit of n?
8
Suppose f + 4*m - 75721 = -21971, 3*f - m = 161315. What is the hundreds digit of f?
7
Suppose f - 4*k - 18 = -2*f, -2*k + 30 = 5*f. Let g be (262/(-3) + 1)/(2/f). Let l = -78 - g. What is the hundreds digit of l?
1
Suppose 4*j - 2820 = -0*j. Suppose -50*v = -38*v - 5244. Suppose j = 9*z - 4*z + 2*g, -4*g + v = 3*z. What is the hundreds digit of z?
1
Suppose -3*f + 5 = -2*g - 0*f, g = 2*f - 4. Let m = 7 - g. Suppose w = m*w - 88. What is the units digit of w?
2
Let t be (-71 + 55)/((-4)/3714). What is the tens digit of (-3)/18*-2 + t/36?
1
Suppose -4*r + 2518 = 2*n, 4*r - 5*n + 3135 = 9*r. Suppose 3*f + 1625 = r. Let l = -154 - f. What is the hundreds digit of l?
1
Suppose -21 = -3*j, -28667 = 5*c - 5*j - 113352. What is the ten thousands digit of c?
1
Suppose 4*m + 51023 = 3*p, -m - 7 = -5. What is the ten thousands digit of p?
1
Let n(v) = -2 - v**3 - 3*v**2 + 8*v**2 - 6 + 20*v. Let x be n(8). Let o = x + 98. What is the units digit of o?
8
Let u(h) = -18*h + 3926. What is the thous